12/(-8))/(12/(-16)). Suppose q*l - i - 824 = 0, -824 = -2*l + 3*i - 7*i. What is the units digit of l?
2
Let d(i) = 3*i**2 - 119*i - 674. Let x be d(45). Let f be 23/(-2) - 3/6. What is the units digit of x*(-4)/f*6/4?
3
Let s(w) be the second derivative of 3*w**5/10 + w**4/2 + 5*w**3/6 + 3*w**2 - 35*w. What is the units digit of s(5)?
1
Let f(t) = t**2 + 5*t - 16. Let x be f(7). Suppose 0 = 5*w - 2 - 3. What is the tens digit of x/(2 + 0/w)?
3
Let n = 44 - 31. Suppose n*z = 7*z. Suppose 5*a - 8*a + 162 = z. What is the units digit of a?
4
Let b = 51979 - 31988. What is the hundreds digit of b?
9
Let i be -86*5/(-20)*2. Let g(w) = 55*w - 25 - 40*w - 37*w - i*w. What is the tens digit of g(-3)?
7
Suppose 14*p - 17*p - 402347 = -8*r, -2*p + 251494 = 5*r. What is the hundreds digit of r?
2
Let d = -27121 - -44088. What is the units digit of d?
7
Let d(r) = -r**3 - 4*r**2 + 195*r - 20. What is the ten thousands digit of d(-35)?
3
Let i = -141 + 199. Let a = 61 - i. Suppose 151 = a*w + 4. What is the tens digit of w?
4
Let k(d) = -20*d + 33. Let s be k(8). Let b(o) = 8*o**2 - 2*o + 1. Let z be b(-5). Let v = z + s. What is the units digit of v?
4
Let k(j) = 9*j**2 - 18*j + 33. Let c be k(9). Let o be ((-2)/3)/(2/(-24)). Suppose -c = 2*a - o*a. What is the units digit of a?
0
Suppose 121*r - 447881 = 310789. What is the thousands digit of r?
6
Let r(s) = 107*s**2 - 292*s - 243. What is the units digit of r(26)?
7
Suppose -2*w + z - 9 = -26, -3*w + 43 = -5*z. Suppose w*j = 4*j - 96. Let l = j + 72. What is the units digit of l?
4
Suppose -2*g - 4*o + 1670 = -444, 0 = 5*g - 4*o - 5313. Suppose 4*j = -j - s - 1066, -5*j + 4*s = g. Let i = 313 + j. What is the tens digit of i?
0
Suppose -116*d + 153548 = -93*d. What is the hundreds digit of d?
6
Let r be -1 + 1 + -3 + -386. Let x be ((-273)/35 - -7)*(r + -1). Let l = -183 + x. What is the hundreds digit of l?
1
Suppose -13*x = -11*x - 80. Suppose -101*b + 103*b + x = 0. What is the tens digit of 4 - (0 - 5/(b/(-924)))?
3
Let s(x) = 15601*x + 5793. What is the hundreds digit of s(4)?
1
Let o = 13335 + -6408. What is the hundreds digit of o?
9
Let o = 359 - -532. Let z = o - 348. What is the tens digit of z?
4
Suppose -56*y = -47*y - 738. Suppose 3*k = -2*l - 64, -6*k = l - k + 18. Let o = l + y. What is the tens digit of o?
4
Let z = 30909 - 19458. What is the ten thousands digit of z?
1
Let r(w) = w**2 + 7*w + 17. Let h be r(0). What is the units digit of (12 - h)/(2/(-206))?
5
Let n = -351 + 12744. What is the units digit of n?
3
Suppose 5955 = 9*y - 2019. What is the hundreds digit of y?
8
Let u(d) = d**2 + 17*d - 80. Let g be u(-31). What is the hundreds digit of g*(-3)/(-2)*8/12?
3
Let p(r) = r**3 - 3*r**2 + 5*r - 1. Let b be p(2). Suppose 2*i + 3*c = 378, -b*i + 394 = -3*i - 5*c. What is the tens digit of i?
9
What is the thousands digit of (-28)/12*3 + 8418 + 21?
8
Let c(m) = -3*m**3 - 21*m**2 - 20*m - 7. Let q be c(-6). Suppose 242 = -3*y + q*y - 2*k, 120 = y - 2*k. What is the tens digit of y?
2
Suppose 2*y = f - 3*f + 54, 0 = -3*f - y + 89. Let h = 5 - f. Let p = 60 + h. What is the tens digit of p?
3
Suppose -4*c = 9*r - 77678, 2*c - 30604 = -2*r + 8230. What is the units digit of c?
5
Let v(d) = 399*d + 690. What is the hundreds digit of v(69)?
2
Let t = -37 - -31. Let y be t/12*(-8 - 0). Suppose 0 = y*c + 3*q - 81, -5*c = 2*q + 8 - 104. What is the units digit of c?
8
Suppose 3*h - 134 = -44. Suppose 0 = -2*f - 10, 4*f = 2*a - 0*f - h. Suppose -a*q = -4*w - 220, -5*q + 4*w = 3*w - 235. What is the tens digit of q?
4
Suppose -5*p + 23 = -4*p - 5*j, 0 = -3*j - 12. Suppose -2*t + 126 = p*h, -3*h + 315 = 5*t - 6*h. What is the tens digit of t?
6
Let t(r) be the second derivative of r**5/10 - r**4/6 + r**3/2 - 2*r**2 + 32*r. Let a = -12 - -16. What is the hundreds digit of t(a)?
1
What is the ten thousands digit of 36616*((-895)/(-1432))/(1/2)?
4
Suppose -2*p + 8 = -14. Suppose 13*x = -p*x + 6144. What is the hundreds digit of x?
2
Let m(t) = 731*t**2 + 2*t - 1. Let s be m(1). Suppose 4*z + 5*y - 9*y = s, -y + 360 = 2*z. What is the hundreds digit of z?
1
Suppose 2*w - 23958 = 4*l, -2*w + 54*l = 59*l - 23994. What is the units digit of w?
7
Suppose 59*q - 57*q - 170 = 0. Let s = -117 + q. Let y = s + 66. What is the units digit of y?
4
Let p(z) = 5*z**2 + 14*z + 27. Let l(r) = 14*r**2 + 42*r + 80. Let f(w) = -4*l(w) + 11*p(w). What is the tens digit of f(-9)?
2
Suppose 12 + 8 = -2*d. Let j(m) = -3*m - 22. Let s be j(d). Suppose 0 = s*g - 1730 + 250. What is the hundreds digit of g?
1
Let y = 14460 + -2930. What is the hundreds digit of y?
5
Suppose -10 = -2*p + p. Let v = 26071 - 26071. Suppose v = p*o - 1189 - 1361. What is the tens digit of o?
5
Let g be (-22)/33 + (-5541)/(-9). Let y = g - 358. Suppose 0 = 5*m - 958 - y. What is the hundreds digit of m?
2
Let n = 64 - 55. Let r(q) = n*q**2 - 10*q**2 - 4 - 14*q - 5. What is the units digit of r(-11)?
4
Let v(b) be the second derivative of -b**4/12 + 23*b**3/6 + 2*b**2 + 108*b. Suppose 4*i - 33 - 43 = 0. What is the units digit of v(i)?
0
Let t = -36 + 45. Suppose 2*s - 2 = n, -t*n + 8 = -5*n. What is the hundreds digit of s*1915/20 + 2/(-4)?
1
Let i(d) = 16*d - 27*d + d - 14. Let b(o) = -3*o**2 - 2*o - 1. Let s be b(-2). What is the tens digit of i(s)?
7
What is the hundreds digit of (-15616)/(-2) - (-8 - -22 - 4)?
7
Suppose 0 = 50*q - 57*q + 518. Suppose 222 - q = 2*a. What is the tens digit of a?
7
Let f(m) = 18*m + 63. Let a be f(-7). What is the hundreds digit of (-22636)/(-28) + 27/a?
8
Let p(h) be the third derivative of h**5/15 - 5*h**4/24 + 5*h**3 - 224*h**2 - 2*h. Let i = -1 + 8. What is the hundreds digit of p(i)?
1
Let o = 17371 - 10097. What is the tens digit of o?
7
What is the units digit of 4 + 1 + 2 + (-7720)/(-1)?
7
Suppose 59250 = o - 6*x, -3*x - 109041 - 9513 = -2*o. What is the tens digit of o?
8
Let a(f) = -f + 14. Let d be a(-8). Let z be d/(-77) - (-1678)/(-7). Let r = z - -342. What is the tens digit of r?
0
Suppose 0 = -w - 5, 57 = -n + 3*w. What is the units digit of n/5*350/45*-3?
6
Let y(h) = -299*h - 347. What is the units digit of y(-3)?
0
Let k = -2 - -6. Suppose k*b + 4*b = 16. Suppose -5*p + 591 = -2*r, 128 = b*p - 5*r - 100. What is the units digit of p?
9
Let c(l) = -15 + 22 + 50*l + 16 - 48*l. Let o be c(-10). Let b(h) = 12*h**2 + 3*h - 3. What is the units digit of b(o)?
4
Suppose -27*w + 18240 = -3*w. Let o = 1398 - w. What is the hundreds digit of o?
6
What is the units digit of 66647445/966 - ((-34)/(-28) - 1)?
3
Suppose 2674 = 2*l + 5*s, 3*s - 10327 - 3043 = -10*l. What is the thousands digit of l?
1
Let c = 62 - 56. Let m be (9/c)/(3/(-6)). What is the units digit of (1/4)/(1/(-12)*m)?
1
Suppose 0 = v - 4*b + 8, 5*b - b = -5*v + 8. Suppose v = t - 0 - 5. Suppose -390 = -5*c + 6*o - o, -78 = -c - t*o. What is the units digit of c?
8
Let z(w) = 9*w - 8 + 3*w**2 + 3*w**2 - w**2 - 6*w**2. Let c be z(6). What is the units digit of 14 + (-3 + 1)*5/c?
3
Let o be 3/(-6) + (-13)/(-2). Let c = 8486 - 8189. Suppose 531 = o*j - c. What is the units digit of j?
8
Let p(x) = x**3 - 12*x**2 + 7*x + 12. Suppose 3*d + 2*s - 6 = 25, 19 = 3*d - 4*s. Let g be p(d). What is the tens digit of 6/4*g/(-9)?
2
Let s = -63 + -180. Let g = s + 425. What is the tens digit of g?
8
Suppose -5*q = -5*p - 6795, p - 3 = 1. Suppose 18*k + q - 7285 = 0. What is the hundreds digit of k?
3
Let u(w) = 92*w + 93. Let t be u(-9). Let n = -261 - t. What is the hundreds digit of n?
4
Let a = -649 - -653. Let c(g) = g**3 + 4*g**2 + g - 1. Let i be c(-3). Suppose a*v - v - 5*j = 279, v = -i*j + 73. What is the units digit of v?
8
Let q(a) = -4*a - 82. Let f be q(-31). What is the tens digit of -3*212/(-8)*f/9?
7
Let i(k) = k**3 + 40*k**2 + 15*k - 378. What is the hundreds digit of i(-31)?
8
Let f(s) = 6*s**2 - 21*s - 37. Let x be f(11). Suppose x = -6*b + 7*b. What is the units digit of b?
8
Suppose 5*k = 324 + 941. Suppose -358 = 2*q + 3*d, 0*d = 2*d. Let l = q + k. What is the units digit of l?
4
Let h(i) = -33*i - 810. Let s be h(0). Let w = s - -2042. What is the hundreds digit of w?
2
Suppose -15 = -5*u + 5*l, 2*l - l = -u + 1. Let w(x) = -13 + x**3 - 5*x - 3*x**2 - 2*x**u + 7*x. What is the units digit of w(6)?
5
Suppose 16 = 3*b - 2*m,